[INFO] fetching crate uv_patch_packed_simd 0.3.5...
[INFO] checking uv_patch_packed_simd-0.3.5 against master#af3c6e733a40e671550e0f0f5aeecaa13772ba56 for pr-74989
[INFO] extracting crate uv_patch_packed_simd 0.3.5 into /workspace/builds/worker-7/source
[INFO] validating manifest of crates.io crate uv_patch_packed_simd 0.3.5 on toolchain af3c6e733a40e671550e0f0f5aeecaa13772ba56
[INFO] running `Command { std: "/workspace/cargo-home/bin/cargo" "+af3c6e733a40e671550e0f0f5aeecaa13772ba56" "read-manifest" "--manifest-path" "Cargo.toml", kill_on_drop: false }`
[INFO] started tweaking crates.io crate uv_patch_packed_simd 0.3.5
[INFO] finished tweaking crates.io crate uv_patch_packed_simd 0.3.5
[INFO] tweaked toml for crates.io crate uv_patch_packed_simd 0.3.5 written to /workspace/builds/worker-7/source/Cargo.toml
[INFO] running `Command { std: "/workspace/cargo-home/bin/cargo" "+af3c6e733a40e671550e0f0f5aeecaa13772ba56" "generate-lockfile" "--manifest-path" "Cargo.toml" "-Zno-index-update", kill_on_drop: false }`
[INFO] running `Command { std: "/workspace/cargo-home/bin/cargo" "+af3c6e733a40e671550e0f0f5aeecaa13772ba56" "fetch" "--locked" "--manifest-path" "Cargo.toml", kill_on_drop: false }`
[INFO] running `Command { std: "docker" "create" "-v" "/var/lib/crater-agent-workspace/builds/worker-7/target:/opt/rustwide/target:rw,Z" "-v" "/var/lib/crater-agent-workspace/builds/worker-7/source:/opt/rustwide/workdir:ro,Z" "-v" "/var/lib/crater-agent-workspace/cargo-home:/opt/rustwide/cargo-home:ro,Z" "-v" "/var/lib/crater-agent-workspace/rustup-home:/opt/rustwide/rustup-home:ro,Z" "-e" "SOURCE_DIR=/opt/rustwide/workdir" "-e" "CARGO_TARGET_DIR=/opt/rustwide/target" "-e" "CARGO_HOME=/opt/rustwide/cargo-home" "-e" "RUSTUP_HOME=/opt/rustwide/rustup-home" "-w" "/opt/rustwide/workdir" "-m" "1610612736" "--user" "0:0" "--network" "none" "rustops/crates-build-env@sha256:d92eaeed33fa75130ca1ee6c8a01d1ffb62bac859dfdfb3450e3e5d1c0146529" "/opt/rustwide/cargo-home/bin/cargo" "+af3c6e733a40e671550e0f0f5aeecaa13772ba56" "metadata" "--no-deps" "--format-version=1", kill_on_drop: false }`
[INFO] [stdout] a9ca1e66c7d1f0ee2a4c48559a8fee6d721bd3253ba34942284913be60d5c59d
[INFO] [stderr] WARNING: Your kernel does not support swap limit capabilities or the cgroup is not mounted. Memory limited without swap.
[INFO] running `Command { std: "docker" "start" "-a" "a9ca1e66c7d1f0ee2a4c48559a8fee6d721bd3253ba34942284913be60d5c59d", kill_on_drop: false }`
[INFO] running `Command { std: "docker" "inspect" "a9ca1e66c7d1f0ee2a4c48559a8fee6d721bd3253ba34942284913be60d5c59d", kill_on_drop: false }`
[INFO] running `Command { std: "docker" "rm" "-f" "a9ca1e66c7d1f0ee2a4c48559a8fee6d721bd3253ba34942284913be60d5c59d", kill_on_drop: false }`
[INFO] [stdout] a9ca1e66c7d1f0ee2a4c48559a8fee6d721bd3253ba34942284913be60d5c59d
[INFO] running `Command { std: "docker" "create" "-v" "/var/lib/crater-agent-workspace/builds/worker-7/target:/opt/rustwide/target:rw,Z" "-v" "/var/lib/crater-agent-workspace/builds/worker-7/source:/opt/rustwide/workdir:ro,Z" "-v" "/var/lib/crater-agent-workspace/cargo-home:/opt/rustwide/cargo-home:ro,Z" "-v" "/var/lib/crater-agent-workspace/rustup-home:/opt/rustwide/rustup-home:ro,Z" "-e" "SOURCE_DIR=/opt/rustwide/workdir" "-e" "CARGO_TARGET_DIR=/opt/rustwide/target" "-e" "CARGO_INCREMENTAL=0" "-e" "RUST_BACKTRACE=full" "-e" "RUSTFLAGS=--cap-lints=forbid" "-e" "CARGO_HOME=/opt/rustwide/cargo-home" "-e" "RUSTUP_HOME=/opt/rustwide/rustup-home" "-w" "/opt/rustwide/workdir" "-m" "1610612736" "--user" "0:0" "--network" "none" "rustops/crates-build-env@sha256:d92eaeed33fa75130ca1ee6c8a01d1ffb62bac859dfdfb3450e3e5d1c0146529" "/opt/rustwide/cargo-home/bin/cargo" "+af3c6e733a40e671550e0f0f5aeecaa13772ba56" "check" "--frozen" "--all" "--all-targets" "--message-format=json", kill_on_drop: false }`
[INFO] [stdout] 0081d63a0e53c5447f5a2f5d834e915c5fceb5eaf5eee84d9444f3ad31e076c5
[INFO] [stderr] WARNING: Your kernel does not support swap limit capabilities or the cgroup is not mounted. Memory limited without swap.
[INFO] running `Command { std: "docker" "start" "-a" "0081d63a0e53c5447f5a2f5d834e915c5fceb5eaf5eee84d9444f3ad31e076c5", kill_on_drop: false }`
[INFO] [stderr]    Compiling proc-macro-hack v0.5.18
[INFO] [stderr]    Compiling uv_patch_packed_simd v0.3.5 (/opt/rustwide/workdir)
[INFO] [stderr]     Checking cfg-if v0.1.10
[INFO] [stderr]     Checking arrayvec v0.5.1
[INFO] [stderr]    Compiling paste-impl v0.1.18
[INFO] [stderr]     Checking paste v0.1.18
[INFO] [stdout] warning: unnecessary `unsafe` block
[INFO] [stdout]    --> src/api/minimal/ptr.rs:218:21
[INFO] [stdout]     |
[INFO] [stdout] 218 |                       unsafe { crate::intrinsics::type_name::<T>() }
[INFO] [stdout]     |                       ^^^^^^ unnecessary `unsafe` block
[INFO] [stdout]     | 
[INFO] [stdout]    ::: src/vPtr.rs:6:1
[INFO] [stdout]     |
[INFO] [stdout] 6   | / impl_const_p!(
[INFO] [stdout] 7   | |     [*const T; 2]: cptrx2, msizex2, usizex2, isizex2 | test_v128 | x0, x1 | From: |
[INFO] [stdout] 8   | |     /// A vector with 2 `*const T` lanes
[INFO] [stdout] 9   | | );
[INFO] [stdout]     | |__- in this macro invocation
[INFO] [stdout]     |
[INFO] [stdout]     = note: `#[warn(unused_unsafe)]` on by default
[INFO] [stdout]     = note: this warning originates in a macro (in Nightly builds, run with -Z macro-backtrace for more info)
[INFO] [stdout] 
[INFO] [stdout] 
[INFO] [stdout] warning: unnecessary `unsafe` block
[INFO] [stdout]    --> src/api/minimal/ptr.rs:218:21
[INFO] [stdout]     |
[INFO] [stdout] 218 |                       unsafe { crate::intrinsics::type_name::<T>() }
[INFO] [stdout]     |                       ^^^^^^ unnecessary `unsafe` block
[INFO] [stdout]     | 
[INFO] [stdout]    ::: src/vPtr.rs:11:1
[INFO] [stdout]     |
[INFO] [stdout] 11  | / impl_mut_p!(
[INFO] [stdout] 12  | |     [*mut T; 2]: mptrx2, msizex2, usizex2, isizex2 | test_v128 | x0, x1 | From: |
[INFO] [stdout] 13  | |     /// A vector with 2 `*mut T` lanes
[INFO] [stdout] 14  | | );
[INFO] [stdout]     | |__- in this macro invocation
[INFO] [stdout]     |
[INFO] [stdout]     = note: this warning originates in a macro (in Nightly builds, run with -Z macro-backtrace for more info)
[INFO] [stdout] 
[INFO] [stdout] 
[INFO] [stdout] warning: unnecessary `unsafe` block
[INFO] [stdout]    --> src/api/minimal/ptr.rs:218:21
[INFO] [stdout]     |
[INFO] [stdout] 218 |                       unsafe { crate::intrinsics::type_name::<T>() }
[INFO] [stdout]     |                       ^^^^^^ unnecessary `unsafe` block
[INFO] [stdout]     | 
[INFO] [stdout]    ::: src/vPtr.rs:16:1
[INFO] [stdout]     |
[INFO] [stdout] 16  | / impl_const_p!(
[INFO] [stdout] 17  | |     [*const T; 4]: cptrx4, msizex4, usizex4, isizex4 | test_v256 | x0, x1, x2, x3 | From: |
[INFO] [stdout] 18  | |     /// A vector with 4 `*const T` lanes
[INFO] [stdout] 19  | | );
[INFO] [stdout]     | |__- in this macro invocation
[INFO] [stdout]     |
[INFO] [stdout]     = note: this warning originates in a macro (in Nightly builds, run with -Z macro-backtrace for more info)
[INFO] [stdout] 
[INFO] [stdout] 
[INFO] [stdout] warning: unnecessary `unsafe` block
[INFO] [stdout]    --> src/api/minimal/ptr.rs:218:21
[INFO] [stdout]     |
[INFO] [stdout] 218 |                       unsafe { crate::intrinsics::type_name::<T>() }
[INFO] [stdout]     |                       ^^^^^^ unnecessary `unsafe` block
[INFO] [stdout]     | 
[INFO] [stdout]    ::: src/vPtr.rs:21:1
[INFO] [stdout]     |
[INFO] [stdout] 21  | / impl_mut_p!(
[INFO] [stdout] 22  | |     [*mut T; 4]: mptrx4, msizex4, usizex4, isizex4 | test_v256 | x0, x1, x2, x3 | From: |
[INFO] [stdout] 23  | |     /// A vector with 4 `*mut T` lanes
[INFO] [stdout] 24  | | );
[INFO] [stdout]     | |__- in this macro invocation
[INFO] [stdout]     |
[INFO] [stdout]     = note: this warning originates in a macro (in Nightly builds, run with -Z macro-backtrace for more info)
[INFO] [stdout] 
[INFO] [stdout] 
[INFO] [stdout] warning: unnecessary `unsafe` block
[INFO] [stdout]    --> src/api/minimal/ptr.rs:218:21
[INFO] [stdout]     |
[INFO] [stdout] 218 |                       unsafe { crate::intrinsics::type_name::<T>() }
[INFO] [stdout]     |                       ^^^^^^ unnecessary `unsafe` block
[INFO] [stdout]     | 
[INFO] [stdout]    ::: src/vPtr.rs:26:1
[INFO] [stdout]     |
[INFO] [stdout] 26  | / impl_const_p!(
[INFO] [stdout] 27  | |     [*const T; 8]: cptrx8, msizex8, usizex8, isizex8 | test_v512 | x0, x1, x2, x3, x4, x5, x6, x7 | From: |
[INFO] [stdout] 28  | |     /// A vector with 8 `*const T` lanes
[INFO] [stdout] 29  | | );
[INFO] [stdout]     | |__- in this macro invocation
[INFO] [stdout]     |
[INFO] [stdout]     = note: this warning originates in a macro (in Nightly builds, run with -Z macro-backtrace for more info)
[INFO] [stdout] 
[INFO] [stdout] 
[INFO] [stdout] warning: unnecessary `unsafe` block
[INFO] [stdout]    --> src/api/minimal/ptr.rs:218:21
[INFO] [stdout]     |
[INFO] [stdout] 218 |                       unsafe { crate::intrinsics::type_name::<T>() }
[INFO] [stdout]     |                       ^^^^^^ unnecessary `unsafe` block
[INFO] [stdout]     | 
[INFO] [stdout]    ::: src/vPtr.rs:31:1
[INFO] [stdout]     |
[INFO] [stdout] 31  | / impl_mut_p!(
[INFO] [stdout] 32  | |     [*mut T; 8]: mptrx8, msizex8, usizex8, isizex8 | test_v512 | x0, x1, x2, x3, x4, x5, x6, x7 | From: |
[INFO] [stdout] 33  | |     /// A vector with 8 `*mut T` lanes
[INFO] [stdout] 34  | | );
[INFO] [stdout]     | |__- in this macro invocation
[INFO] [stdout]     |
[INFO] [stdout]     = note: this warning originates in a macro (in Nightly builds, run with -Z macro-backtrace for more info)
[INFO] [stdout] 
[INFO] [stdout] 
[INFO] [stdout] warning: unused attribute
[INFO] [stdout]  --> src/api/cast/v16.rs:2:1
[INFO] [stdout]   |
[INFO] [stdout] 2 | #![rustfmt::skip]
[INFO] [stdout]   | ^^^^^^^^^^^^^^^^^
[INFO] [stdout]   |
[INFO] [stdout]   = note: `#[warn(unused_attributes)]` on by default
[INFO] [stdout] 
[INFO] [stdout] 
[INFO] [stdout] warning: unused attribute
[INFO] [stdout]  --> src/api/cast/v32.rs:2:1
[INFO] [stdout]   |
[INFO] [stdout] 2 | #![rustfmt::skip]
[INFO] [stdout]   | ^^^^^^^^^^^^^^^^^
[INFO] [stdout] 
[INFO] [stdout] 
[INFO] [stdout] warning: unused attribute
[INFO] [stdout]  --> src/api/cast/v64.rs:2:1
[INFO] [stdout]   |
[INFO] [stdout] 2 | #![rustfmt::skip]
[INFO] [stdout]   | ^^^^^^^^^^^^^^^^^
[INFO] [stdout] 
[INFO] [stdout] 
[INFO] [stdout] warning: unused attribute
[INFO] [stdout]  --> src/api/cast/v128.rs:2:1
[INFO] [stdout]   |
[INFO] [stdout] 2 | #![rustfmt::skip]
[INFO] [stdout]   | ^^^^^^^^^^^^^^^^^
[INFO] [stdout] 
[INFO] [stdout] 
[INFO] [stdout] warning: unused attribute
[INFO] [stdout]  --> src/api/cast/v256.rs:2:1
[INFO] [stdout]   |
[INFO] [stdout] 2 | #![rustfmt::skip]
[INFO] [stdout]   | ^^^^^^^^^^^^^^^^^
[INFO] [stdout] 
[INFO] [stdout] 
[INFO] [stdout] warning: unused attribute
[INFO] [stdout]  --> src/api/cast/v512.rs:2:1
[INFO] [stdout]   |
[INFO] [stdout] 2 | #![rustfmt::skip]
[INFO] [stdout]   | ^^^^^^^^^^^^^^^^^
[INFO] [stdout] 
[INFO] [stdout] 
[INFO] [stdout] warning: unused attribute
[INFO] [stdout]  --> src/codegen/bit_manip.rs:2:1
[INFO] [stdout]   |
[INFO] [stdout] 2 | #![rustfmt::skip]
[INFO] [stdout]   | ^^^^^^^^^^^^^^^^^
[INFO] [stdout] 
[INFO] [stdout] 
[INFO] [stdout] warning: unused attribute
[INFO] [stdout]  --> src/v64.rs:2:1
[INFO] [stdout]   |
[INFO] [stdout] 2 | #![rustfmt::skip]
[INFO] [stdout]   | ^^^^^^^^^^^^^^^^^
[INFO] [stdout] 
[INFO] [stdout] 
[INFO] [stdout] warning: unused attribute
[INFO] [stdout]  --> src/v128.rs:2:1
[INFO] [stdout]   |
[INFO] [stdout] 2 | #![rustfmt::skip]
[INFO] [stdout]   | ^^^^^^^^^^^^^^^^^
[INFO] [stdout] 
[INFO] [stdout] 
[INFO] [stdout] warning: unused attribute
[INFO] [stdout]  --> src/v256.rs:2:1
[INFO] [stdout]   |
[INFO] [stdout] 2 | #![rustfmt::skip]
[INFO] [stdout]   | ^^^^^^^^^^^^^^^^^
[INFO] [stdout] 
[INFO] [stdout] 
[INFO] [stdout] warning: unused attribute
[INFO] [stdout]  --> src/v512.rs:2:1
[INFO] [stdout]   |
[INFO] [stdout] 2 | #![rustfmt::skip]
[INFO] [stdout]   | ^^^^^^^^^^^^^^^^^
[INFO] [stdout] 
[INFO] [stdout] 
[INFO] [stdout] warning: unused attribute
[INFO] [stdout]  --> src/vPtr.rs:2:1
[INFO] [stdout]   |
[INFO] [stdout] 2 | #![rustfmt::skip]
[INFO] [stdout]   | ^^^^^^^^^^^^^^^^^
[INFO] [stdout] 
[INFO] [stdout] 
[INFO] [stdout] warning: 18 warnings emitted
[INFO] [stdout] 
[INFO] [stdout] 
[INFO] [stdout] error[E0432]: unresolved import `packed_simd`
[INFO] [stdout]  --> tests/endianness.rs:4:5
[INFO] [stdout]   |
[INFO] [stdout] 4 | use packed_simd::*;
[INFO] [stdout]   |     ^^^^^^^^^^^ use of undeclared type or module `packed_simd`
[INFO] [stdout] 
[INFO] [stdout] 
[INFO] [stdout] error[E0433]: failed to resolve: use of undeclared type or module `i32x4`
[INFO] [stdout]   --> tests/endianness.rs:10:13
[INFO] [stdout]    |
[INFO] [stdout] 10 |     let v = i32x4::new(0, 1, 2, 3);
[INFO] [stdout]    |             ^^^^^ not found in this scope
[INFO] [stdout]    |
[INFO] [stdout] help: consider importing this type alias
[INFO] [stdout]    |
[INFO] [stdout] 4  | use uv_patch_packed_simd::i32x4;
[INFO] [stdout]    |
[INFO] [stdout] 
[INFO] [stdout] 
[INFO] [stdout] error[E0433]: failed to resolve: use of undeclared type or module `i8x16`
[INFO] [stdout]   --> tests/endianness.rs:21:13
[INFO] [stdout]    |
[INFO] [stdout] 21 |     let x = i8x16::new(
[INFO] [stdout]    |             ^^^^^ not found in this scope
[INFO] [stdout]    |
[INFO] [stdout] help: consider importing this type alias
[INFO] [stdout]    |
[INFO] [stdout] 4  | use uv_patch_packed_simd::i8x16;
[INFO] [stdout]    |
[INFO] [stdout] 
[INFO] [stdout] 
[INFO] [stdout] error[E0412]: cannot find type `i16x8` in this scope
[INFO] [stdout]   --> tests/endianness.rs:25:12
[INFO] [stdout]    |
[INFO] [stdout] 25 |     let t: i16x8 = unsafe { mem::transmute(x) };
[INFO] [stdout]    |            ^^^^^ not found in this scope
[INFO] [stdout]    |
[INFO] [stdout] help: consider importing this type alias
[INFO] [stdout]    |
[INFO] [stdout] 4  | use uv_patch_packed_simd::i16x8;
[INFO] [stdout]    |
[INFO] [stdout] 
[INFO] [stdout] 
[INFO] [stdout] error[E0412]: cannot find type `i16x8` in this scope
[INFO] [stdout]   --> tests/endianness.rs:26:12
[INFO] [stdout]    |
[INFO] [stdout] 26 |     let e: i16x8 = if cfg!(target_endian = "little") {
[INFO] [stdout]    |            ^^^^^ not found in this scope
[INFO] [stdout]    |
[INFO] [stdout] help: consider importing this type alias
[INFO] [stdout]    |
[INFO] [stdout] 4  | use uv_patch_packed_simd::i16x8;
[INFO] [stdout]    |
[INFO] [stdout] 
[INFO] [stdout] 
[INFO] [stdout] error[E0433]: failed to resolve: use of undeclared type or module `i16x8`
[INFO] [stdout]   --> tests/endianness.rs:27:9
[INFO] [stdout]    |
[INFO] [stdout] 27 |         i16x8::new(256, 770, 1284, 1798, 2312, 2826, 3340, 3854)
[INFO] [stdout]    |         ^^^^^ not found in this scope
[INFO] [stdout]    |
[INFO] [stdout] help: consider importing this type alias
[INFO] [stdout]    |
[INFO] [stdout] 4  | use uv_patch_packed_simd::i16x8;
[INFO] [stdout]    |
[INFO] [stdout] 
[INFO] [stdout] 
[INFO] [stdout] error[E0433]: failed to resolve: use of undeclared type or module `i16x8`
[INFO] [stdout]   --> tests/endianness.rs:29:9
[INFO] [stdout]    |
[INFO] [stdout] 29 |         i16x8::new(1, 515, 1029, 1543, 2057, 2571, 3085, 3599)
[INFO] [stdout]    |         ^^^^^ not found in this scope
[INFO] [stdout]    |
[INFO] [stdout] help: consider importing this type alias
[INFO] [stdout]    |
[INFO] [stdout] 4  | use uv_patch_packed_simd::i16x8;
[INFO] [stdout]    |
[INFO] [stdout] 
[INFO] [stdout] 
[INFO] [stdout] error[E0433]: failed to resolve: use of undeclared type or module `i8x16`
[INFO] [stdout]   --> tests/endianness.rs:38:13
[INFO] [stdout]    |
[INFO] [stdout] 38 |     let x = i8x16::new(
[INFO] [stdout]    |             ^^^^^ not found in this scope
[INFO] [stdout]    |
[INFO] [stdout] help: consider importing this type alias
[INFO] [stdout]    |
[INFO] [stdout] 4  | use uv_patch_packed_simd::i8x16;
[INFO] [stdout]    |
[INFO] [stdout] 
[INFO] [stdout] 
[INFO] [stdout] error[E0412]: cannot find type `i16x16` in this scope
[INFO] [stdout]   --> tests/endianness.rs:42:12
[INFO] [stdout]    |
[INFO] [stdout] 42 |     let t: i16x16 = x.into(); // simd_cast
[INFO] [stdout]    |            ^^^^^^ not found in this scope
[INFO] [stdout]    |
[INFO] [stdout] help: consider importing this type alias
[INFO] [stdout]    |
[INFO] [stdout] 4  | use uv_patch_packed_simd::i16x16;
[INFO] [stdout]    |
[INFO] [stdout] 
[INFO] [stdout] 
[INFO] [stdout] error[E0433]: failed to resolve: use of undeclared type or module `i16x16`
[INFO] [stdout]   --> tests/endianness.rs:44:13
[INFO] [stdout]    |
[INFO] [stdout] 44 |     let e = i16x16::new(
[INFO] [stdout]    |             ^^^^^^ not found in this scope
[INFO] [stdout]    |
[INFO] [stdout] help: consider importing this type alias
[INFO] [stdout]    |
[INFO] [stdout] 4  | use uv_patch_packed_simd::i16x16;
[INFO] [stdout]    |
[INFO] [stdout] 
[INFO] [stdout] 
[INFO] [stdout] error[E0433]: failed to resolve: use of undeclared type or module `i8x16`
[INFO] [stdout]   --> tests/endianness.rs:55:13
[INFO] [stdout]    |
[INFO] [stdout] 55 |     let x = i8x16::new(
[INFO] [stdout]    |             ^^^^^ not found in this scope
[INFO] [stdout]    |
[INFO] [stdout] help: consider importing this type alias
[INFO] [stdout]    |
[INFO] [stdout] 4  | use uv_patch_packed_simd::i8x16;
[INFO] [stdout]    |
[INFO] [stdout] 
[INFO] [stdout] 
[INFO] [stdout] error[E0433]: failed to resolve: use of undeclared type or module `i8x16`
[INFO] [stdout]   --> tests/endianness.rs:71:13
[INFO] [stdout]    |
[INFO] [stdout] 71 |     let z = i8x16::from_slice_unaligned(unsafe {
[INFO] [stdout]    |             ^^^^^ not found in this scope
[INFO] [stdout]    |
[INFO] [stdout] help: consider importing this type alias
[INFO] [stdout]    |
[INFO] [stdout] 4  | use uv_patch_packed_simd::i8x16;
[INFO] [stdout]    |
[INFO] [stdout] 
[INFO] [stdout] 
[INFO] [stdout] error[E0412]: cannot find type `f32x4` in this scope
[INFO] [stdout]   --> tests/endianness.rs:82:14
[INFO] [stdout]    |
[INFO] [stdout] 82 |         vec: f32x4,
[INFO] [stdout]    |              ^^^^^ not found in this scope
[INFO] [stdout]    |
[INFO] [stdout] help: consider importing this type alias
[INFO] [stdout]    |
[INFO] [stdout] 4  | use uv_patch_packed_simd::f32x4;
[INFO] [stdout]    |
[INFO] [stdout] 
[INFO] [stdout] 
[INFO] [stdout] error[E0433]: failed to resolve: use of undeclared type or module `f32x4`
[INFO] [stdout]   --> tests/endianness.rs:84:41
[INFO] [stdout]    |
[INFO] [stdout] 84 |     let x: [f32; 4] = unsafe { A { vec: f32x4::new(0., 1., 2., 3.) }.data };
[INFO] [stdout]    |                                         ^^^^^ not found in this scope
[INFO] [stdout]    |
[INFO] [stdout] help: consider importing this type alias
[INFO] [stdout]    |
[INFO] [stdout] 4  | use uv_patch_packed_simd::f32x4;
[INFO] [stdout]    |
[INFO] [stdout] 
[INFO] [stdout] 
[INFO] [stdout] error[E0412]: cannot find type `f32x4` in this scope
[INFO] [stdout]   --> tests/endianness.rs:89:12
[INFO] [stdout]    |
[INFO] [stdout] 89 |     let y: f32x4 = unsafe { A { data: [3., 2., 1., 0.] }.vec };
[INFO] [stdout]    |            ^^^^^ not found in this scope
[INFO] [stdout]    |
[INFO] [stdout] help: consider importing this type alias
[INFO] [stdout]    |
[INFO] [stdout] 4  | use uv_patch_packed_simd::f32x4;
[INFO] [stdout]    |
[INFO] [stdout] 
[INFO] [stdout] 
[INFO] [stdout] error[E0433]: failed to resolve: use of undeclared type or module `f32x4`
[INFO] [stdout]   --> tests/endianness.rs:90:19
[INFO] [stdout]    |
[INFO] [stdout] 90 |     assert_eq!(y, f32x4::new(3., 2., 1., 0.));
[INFO] [stdout]    |                   ^^^^^ not found in this scope
[INFO] [stdout]    |
[INFO] [stdout] help: consider importing this type alias
[INFO] [stdout]    |
[INFO] [stdout] 4  | use uv_patch_packed_simd::f32x4;
[INFO] [stdout]    |
[INFO] [stdout] 
[INFO] [stdout] 
[INFO] [stdout] error[E0412]: cannot find type `i8x16` in this scope
[INFO] [stdout]   --> tests/endianness.rs:94:14
[INFO] [stdout]    |
[INFO] [stdout] 94 |         vec: i8x16,
[INFO] [stdout]    |              ^^^^^ not found in this scope
[INFO] [stdout]    |
[INFO] [stdout] help: consider importing this type alias
[INFO] [stdout]    |
[INFO] [stdout] 4  | use uv_patch_packed_simd::i8x16;
[INFO] [stdout]    |
[INFO] [stdout] 
[INFO] [stdout] 
[INFO] [stdout] error[E0433]: failed to resolve: use of undeclared type or module `i8x16`
[INFO] [stdout]   --> tests/endianness.rs:97:13
[INFO] [stdout]    |
[INFO] [stdout] 97 |     let x = i8x16::new(
[INFO] [stdout]    |             ^^^^^ not found in this scope
[INFO] [stdout]    |
[INFO] [stdout] help: consider importing this type alias
[INFO] [stdout]    |
[INFO] [stdout] 4  | use uv_patch_packed_simd::i8x16;
[INFO] [stdout]    |
[INFO] [stdout] 
[INFO] [stdout] 
[INFO] [stdout] error[E0433]: failed to resolve: use of undeclared type or module `i8x16`
[INFO] [stdout]    --> tests/endianness.rs:113:13
[INFO] [stdout]     |
[INFO] [stdout] 113 |     let e = i8x16::new(
[INFO] [stdout]     |             ^^^^^ not found in this scope
[INFO] [stdout]     |
[INFO] [stdout] help: consider importing this type alias
[INFO] [stdout]     |
[INFO] [stdout] 4   | use uv_patch_packed_simd::i8x16;
[INFO] [stdout]     |
[INFO] [stdout] 
[INFO] [stdout] 
[INFO] [stdout] error[E0412]: cannot find type `i8x16` in this scope
[INFO] [stdout]    --> tests/endianness.rs:122:14
[INFO] [stdout]     |
[INFO] [stdout] 122 |         vec: i8x16,
[INFO] [stdout]     |              ^^^^^ not found in this scope
[INFO] [stdout]     |
[INFO] [stdout] help: consider importing this type alias
[INFO] [stdout]     |
[INFO] [stdout] 4   | use uv_patch_packed_simd::i8x16;
[INFO] [stdout]     |
[INFO] [stdout] 
[INFO] [stdout] 
[INFO] [stdout] error[E0433]: failed to resolve: use of undeclared type or module `i8x16`
[INFO] [stdout]    --> tests/endianness.rs:125:13
[INFO] [stdout]     |
[INFO] [stdout] 125 |     let x = i8x16::new(
[INFO] [stdout]     |             ^^^^^ not found in this scope
[INFO] [stdout]     |
[INFO] [stdout] help: consider importing this type alias
[INFO] [stdout]     |
[INFO] [stdout] 4   | use uv_patch_packed_simd::i8x16;
[INFO] [stdout]     |
[INFO] [stdout] 
[INFO] [stdout] 
[INFO] [stdout] error[E0412]: cannot find type `f32x4` in this scope
[INFO] [stdout]    --> tests/endianness.rs:145:14
[INFO] [stdout]     |
[INFO] [stdout] 145 |         vec: f32x4,
[INFO] [stdout]     |              ^^^^^ not found in this scope
[INFO] [stdout]     |
[INFO] [stdout] help: consider importing this type alias
[INFO] [stdout]     |
[INFO] [stdout] 4   | use uv_patch_packed_simd::f32x4;
[INFO] [stdout]     |
[INFO] [stdout] 
[INFO] [stdout] 
[INFO] [stdout] error[E0433]: failed to resolve: use of undeclared type or module `f32x4`
[INFO] [stdout]    --> tests/endianness.rs:147:39
[INFO] [stdout]     |
[INFO] [stdout] 147 |     let x: F32x4T = unsafe { A { vec: f32x4::new(0., 1., 2., 3.) }.data };
[INFO] [stdout]     |                                       ^^^^^ not found in this scope
[INFO] [stdout]     |
[INFO] [stdout] help: consider importing this type alias
[INFO] [stdout]     |
[INFO] [stdout] 4   | use uv_patch_packed_simd::f32x4;
[INFO] [stdout]     |
[INFO] [stdout] 
[INFO] [stdout] 
[INFO] [stdout] error[E0412]: cannot find type `f32x4` in this scope
[INFO] [stdout]    --> tests/endianness.rs:152:12
[INFO] [stdout]     |
[INFO] [stdout] 152 |     let y: f32x4 = unsafe { A { data: (3., 2., 1., 0.) }.vec };
[INFO] [stdout]     |            ^^^^^ not found in this scope
[INFO] [stdout]     |
[INFO] [stdout] help: consider importing this type alias
[INFO] [stdout]     |
[INFO] [stdout] 4   | use uv_patch_packed_simd::f32x4;
[INFO] [stdout]     |
[INFO] [stdout] 
[INFO] [stdout] 
[INFO] [stdout] error[E0433]: failed to resolve: use of undeclared type or module `f32x4`
[INFO] [stdout]    --> tests/endianness.rs:153:19
[INFO] [stdout]     |
[INFO] [stdout] 153 |     assert_eq!(y, f32x4::new(3., 2., 1., 0.));
[INFO] [stdout]     |                   ^^^^^ not found in this scope
[INFO] [stdout]     |
[INFO] [stdout] help: consider importing this type alias
[INFO] [stdout]     |
[INFO] [stdout] 4   | use uv_patch_packed_simd::f32x4;
[INFO] [stdout]     |
[INFO] [stdout] 
[INFO] [stdout] 
[INFO] [stdout] error[E0412]: cannot find type `i8x16` in this scope
[INFO] [stdout]    --> tests/endianness.rs:159:14
[INFO] [stdout]     |
[INFO] [stdout] 159 |         vec: i8x16,
[INFO] [stdout]     |              ^^^^^ not found in this scope
[INFO] [stdout]     |
[INFO] [stdout] help: consider importing this type alias
[INFO] [stdout]     |
[INFO] [stdout] 4   | use uv_patch_packed_simd::i8x16;
[INFO] [stdout]     |
[INFO] [stdout] 
[INFO] [stdout] 
[INFO] [stdout] error[E0433]: failed to resolve: use of undeclared type or module `i8x16`
[INFO] [stdout]    --> tests/endianness.rs:163:13
[INFO] [stdout]     |
[INFO] [stdout] 163 |     let x = i8x16::new(
[INFO] [stdout]     |             ^^^^^ not found in this scope
[INFO] [stdout]     |
[INFO] [stdout] help: consider importing this type alias
[INFO] [stdout]     |
[INFO] [stdout] 4   | use uv_patch_packed_simd::i8x16;
[INFO] [stdout]     |
[INFO] [stdout] 
[INFO] [stdout] 
[INFO] [stdout] error[E0412]: cannot find type `i8x16` in this scope
[INFO] [stdout]    --> tests/endianness.rs:191:12
[INFO] [stdout]     |
[INFO] [stdout] 191 |     let z: i8x16 = unsafe { B { data: y }.vec };
[INFO] [stdout]     |            ^^^^^ not found in this scope
[INFO] [stdout]     |
[INFO] [stdout] help: consider importing this type alias
[INFO] [stdout]     |
[INFO] [stdout] 4   | use uv_patch_packed_simd::i8x16;
[INFO] [stdout]     |
[INFO] [stdout] 
[INFO] [stdout] 
[INFO] [stdout] error[E0433]: failed to resolve: use of undeclared type or module `i8x16`
[INFO] [stdout]    --> tests/endianness.rs:193:13
[INFO] [stdout]     |
[INFO] [stdout] 193 |     let e = i8x16::new(
[INFO] [stdout]     |             ^^^^^ not found in this scope
[INFO] [stdout]     |
[INFO] [stdout] help: consider importing this type alias
[INFO] [stdout]     |
[INFO] [stdout] 4   | use uv_patch_packed_simd::i8x16;
[INFO] [stdout]     |
[INFO] [stdout] 
[INFO] [stdout] 
[INFO] [stdout] error[E0412]: cannot find type `i8x16` in this scope
[INFO] [stdout]    --> tests/endianness.rs:203:14
[INFO] [stdout]     |
[INFO] [stdout] 203 |         vec: i8x16,
[INFO] [stdout]     |              ^^^^^ not found in this scope
[INFO] [stdout]     |
[INFO] [stdout] help: consider importing this type alias
[INFO] [stdout]     |
[INFO] [stdout] 4   | use uv_patch_packed_simd::i8x16;
[INFO] [stdout]     |
[INFO] [stdout] 
[INFO] [stdout] 
[INFO] [stdout] error[E0433]: failed to resolve: use of undeclared type or module `i8x16`
[INFO] [stdout]    --> tests/endianness.rs:207:13
[INFO] [stdout]     |
[INFO] [stdout] 207 |     let x = i8x16::new(
[INFO] [stdout]     |             ^^^^^ not found in this scope
[INFO] [stdout]     |
[INFO] [stdout] help: consider importing this type alias
[INFO] [stdout]     |
[INFO] [stdout] 4   | use uv_patch_packed_simd::i8x16;
[INFO] [stdout]     |
[INFO] [stdout] 
[INFO] [stdout] 
[INFO] [stdout] error[E0412]: cannot find type `i8x16` in this scope
[INFO] [stdout]    --> tests/endianness.rs:235:14
[INFO] [stdout]     |
[INFO] [stdout] 235 |         vec: i8x16,
[INFO] [stdout]     |              ^^^^^ not found in this scope
[INFO] [stdout]     |
[INFO] [stdout] help: consider importing this type alias
[INFO] [stdout]     |
[INFO] [stdout] 4   | use uv_patch_packed_simd::i8x16;
[INFO] [stdout]     |
[INFO] [stdout] 
[INFO] [stdout] 
[INFO] [stdout] error[E0433]: failed to resolve: use of undeclared type or module `i8x16`
[INFO] [stdout]    --> tests/endianness.rs:239:13
[INFO] [stdout]     |
[INFO] [stdout] 239 |     let x = i8x16::new(
[INFO] [stdout]     |             ^^^^^ not found in this scope
[INFO] [stdout]     |
[INFO] [stdout] help: consider importing this type alias
[INFO] [stdout]     |
[INFO] [stdout] 4   | use uv_patch_packed_simd::i8x16;
[INFO] [stdout]     |
[INFO] [stdout] 
[INFO] [stdout] 
[INFO] [stdout] error[E0740]: unions may not contain fields that need dropping
[INFO] [stdout]   --> tests/endianness.rs:82:9
[INFO] [stdout]    |
[INFO] [stdout] 82 |         vec: f32x4,
[INFO] [stdout]    |         ^^^^^^^^^^
[INFO] [stdout]    |
[INFO] [stdout] note: `std::mem::ManuallyDrop` can be used to wrap the type
[INFO] [stdout]   --> tests/endianness.rs:82:9
[INFO] [stdout]    |
[INFO] [stdout] 82 |         vec: f32x4,
[INFO] [stdout]    |         ^^^^^^^^^^
[INFO] [stdout] 
[INFO] [stdout] 
[INFO] [stdout] error[E0740]: unions may not contain fields that need dropping
[INFO] [stdout]   --> tests/endianness.rs:94:9
[INFO] [stdout]    |
[INFO] [stdout] 94 |         vec: i8x16,
[INFO] [stdout]    |         ^^^^^^^^^^
[INFO] [stdout]    |
[INFO] [stdout] note: `std::mem::ManuallyDrop` can be used to wrap the type
[INFO] [stdout]   --> tests/endianness.rs:94:9
[INFO] [stdout]    |
[INFO] [stdout] 94 |         vec: i8x16,
[INFO] [stdout]    |         ^^^^^^^^^^
[INFO] [stdout] 
[INFO] [stdout] 
[INFO] [stdout] error[E0740]: unions may not contain fields that need dropping
[INFO] [stdout]    --> tests/endianness.rs:122:9
[INFO] [stdout]     |
[INFO] [stdout] 122 |         vec: i8x16,
[INFO] [stdout]     |         ^^^^^^^^^^
[INFO] [stdout]     |
[INFO] [stdout] note: `std::mem::ManuallyDrop` can be used to wrap the type
[INFO] [stdout]    --> tests/endianness.rs:122:9
[INFO] [stdout]     |
[INFO] [stdout] 122 |         vec: i8x16,
[INFO] [stdout]     |         ^^^^^^^^^^
[INFO] [stdout] 
[INFO] [stdout] 
[INFO] [stdout] error[E0740]: unions may not contain fields that need dropping
[INFO] [stdout]    --> tests/endianness.rs:145:9
[INFO] [stdout]     |
[INFO] [stdout] 145 |         vec: f32x4,
[INFO] [stdout]     |         ^^^^^^^^^^
[INFO] [stdout]     |
[INFO] [stdout] note: `std::mem::ManuallyDrop` can be used to wrap the type
[INFO] [stdout]    --> tests/endianness.rs:145:9
[INFO] [stdout]     |
[INFO] [stdout] 145 |         vec: f32x4,
[INFO] [stdout]     |         ^^^^^^^^^^
[INFO] [stdout] 
[INFO] [stdout] 
[INFO] [stdout] error[E0740]: unions may not contain fields that need dropping
[INFO] [stdout]    --> tests/endianness.rs:159:9
[INFO] [stdout]     |
[INFO] [stdout] 159 |         vec: i8x16,
[INFO] [stdout]     |         ^^^^^^^^^^
[INFO] [stdout]     |
[INFO] [stdout] note: `std::mem::ManuallyDrop` can be used to wrap the type
[INFO] [stdout]    --> tests/endianness.rs:159:9
[INFO] [stdout]     |
[INFO] [stdout] 159 |         vec: i8x16,
[INFO] [stdout]     |         ^^^^^^^^^^
[INFO] [stdout] 
[INFO] [stdout] 
[INFO] [stdout] error[E0740]: unions may not contain fields that need dropping
[INFO] [stdout]    --> tests/endianness.rs:203:9
[INFO] [stdout]     |
[INFO] [stdout] 203 |         vec: i8x16,
[INFO] [stdout]     |         ^^^^^^^^^^
[INFO] [stdout]     |
[INFO] [stdout] note: `std::mem::ManuallyDrop` can be used to wrap the type
[INFO] [stdout]    --> tests/endianness.rs:203:9
[INFO] [stdout]     |
[INFO] [stdout] 203 |         vec: i8x16,
[INFO] [stdout]     |         ^^^^^^^^^^
[INFO] [stdout] 
[INFO] [stdout] 
[INFO] [stdout] error[E0740]: unions may not contain fields that need dropping
[INFO] [stdout]    --> tests/endianness.rs:235:9
[INFO] [stdout]     |
[INFO] [stdout] 235 |         vec: i8x16,
[INFO] [stdout]     |         ^^^^^^^^^^
[INFO] [stdout]     |
[INFO] [stdout] note: `std::mem::ManuallyDrop` can be used to wrap the type
[INFO] [stdout]    --> tests/endianness.rs:235:9
[INFO] [stdout]     |
[INFO] [stdout] 235 |         vec: i8x16,
[INFO] [stdout]     |         ^^^^^^^^^^
[INFO] [stdout] 
[INFO] [stdout] 
[INFO] [stdout] error: aborting due to 40 previous errors
[INFO] [stdout] 
[INFO] [stdout] 
[INFO] [stdout] Some errors have detailed explanations: E0412, E0432, E0433, E0740.
[INFO] [stdout] 
[INFO] [stdout] For more information about an error, try `rustc --explain E0412`.
[INFO] [stdout] 
[INFO] [stderr] error: could not compile `uv_patch_packed_simd`.
[INFO] [stderr] 
[INFO] [stderr] To learn more, run the command again with --verbose.
[INFO] [stderr] warning: build failed, waiting for other jobs to finish...
[INFO] [stderr] error: build failed
[INFO] running `Command { std: "docker" "inspect" "0081d63a0e53c5447f5a2f5d834e915c5fceb5eaf5eee84d9444f3ad31e076c5", kill_on_drop: false }`
[INFO] running `Command { std: "docker" "rm" "-f" "0081d63a0e53c5447f5a2f5d834e915c5fceb5eaf5eee84d9444f3ad31e076c5", kill_on_drop: false }`
[INFO] [stdout] 0081d63a0e53c5447f5a2f5d834e915c5fceb5eaf5eee84d9444f3ad31e076c5
